est common factor of 203 and 56231?
203
What is the greatest common divisor of 1881 and 49797?
99
Calculate the highest common factor of 3712 and 632432.
464
What is the greatest common factor of 2177529 and 717?
717
What is the highest common factor of 17 and 361?
1
Calculate the highest common factor of 23211 and 234.
9
Calculate the greatest common divisor of 29196 and 8.
4
What is the greatest common divisor of 181340 and 20?
20
What is the greatest common factor of 9392 and 7631?
587
What is the highest common divisor of 268740 and 63?
9
What is the greatest common factor of 38456 and 187?
11
What is the greatest common factor of 78665 and 5?
5
What is the greatest common factor of 2571 and 328?
1
Calculate the highest common factor of 2336525 and 19.
19
What is the greatest common divisor of 3525 and 1425?
75
Calculate the highest common factor of 63618 and 12.
6
What is the highest common divisor of 6180 and 107326?
206
Calculate the greatest common factor of 1768110 and 5.
5
Calculate the greatest common divisor of 2011097 and 253.
253
What is the highest common factor of 372 and 1747346?
62
What is the highest common divisor of 190 and 117496?
38
What is the greatest common divisor of 26 and 571922?
26
What is the greatest common divisor of 9027 and 13770?
153
What is the greatest common factor of 549 and 112667?
61
Calculate the greatest common divisor of 160 and 1266040.
40
Calculate the highest common factor of 2414 and 15232.
34
Calculate the greatest common divisor of 14856 and 72.
24
What is the greatest common factor of 1952 and 462502?
122
What is the highest common divisor of 81673 and 67?
67
What is the highest common factor of 2914 and 18483502?
2914
What is the highest common factor of 2162 and 201158?
46
Calculate the highest common divisor of 17 and 1110253.
17
Calculate the highest common factor of 2231 and 299.
23
Calculate the highest common factor of 1260973 and 361.
361
What is the greatest common divisor of 9366 and 672?
42
What is the greatest common factor of 20196 and 1089?
99
Calculate the greatest common factor of 75600 and 224.
112
What is the highest common divisor of 800 and 30300?
100
What is the highest common divisor of 5364 and 2484?
36
What is the greatest common divisor of 388 and 1192?
4
What is the highest common factor of 529620 and 112?
28
What is the highest common divisor of 10 and 44145?
5
Calculate the highest common divisor of 74555 and 7696.
481
Calculate the highest common factor of 720 and 20880.
720
What is the greatest common factor of 2716 and 2134?
194
What is the greatest common divisor of 265006 and 42?
14
What is the greatest common divisor of 2008283 and 137?
137
What is the highest common factor of 10091 and 160?
1
Calculate the greatest common factor of 51105 and 1785.
15
Calculate the greatest common factor of 29 and 17662247.
29
What is the greatest common divisor of 543 and 3342?
3
What is the highest common divisor of 1728 and 3936?
96
Calculate the highest common factor of 121292 and 4.
4
Calculate the greatest common factor of 1030 and 6070.
10
What is the highest common factor of 255606 and 156?
78
What is the greatest common factor of 38675 and 2450?
175
Calculate the highest common divisor of 873391 and 1099.
157
Calculate the greatest common factor of 250 and 710.
10
Calculate the highest common factor of 136 and 20621.
17
What is the highest common divisor of 1798924 and 668?
668
Calculate the greatest common divisor of 1620 and 285930.
810
What is the highest common divisor of 40458 and 894?
6
What is the highest common divisor of 29547 and 4473?
63
What is the greatest common factor of 442213 and 218?
109
What is the greatest common divisor of 65 and 4914?
13
What is the greatest common divisor of 825 and 4884?
33
Calculate the greatest common factor of 18 and 106146.
18
Calculate the highest common divisor of 5634 and 3420.
18
What is the greatest common factor of 22 and 3905?
11
What is the greatest common factor of 87161 and 172?
43
Calculate the highest common divisor of 1428 and 294.
42
What is the highest common divisor of 628654 and 195?
13
Calculate the highest common divisor of 166721 and 87.
29
What is the greatest common divisor of 9 and 597?
3
What is the highest common divisor of 10678 and 65192?
562
Calculate the greatest common factor of 3344 and 256576.
304
Calculate the highest common factor of 16575 and 1911.
39
What is the greatest common divisor of 11625 and 600?
75
What is the greatest common divisor of 70 and 37478?
14
What is the greatest common divisor of 894 and 1684594?
298
What is the greatest common factor of 12956 and 3792?
316
What is the highest common factor of 238 and 103649?
119
Calculate the greatest common divisor of 1812 and 4077.
453
Calculate the greatest common factor of 1275 and 5325.
75
What is the greatest common divisor of 630518 and 1218?
406
Calculate the greatest common factor of 650 and 44720.
130
Calculate the greatest common factor of 85295 and 70.
35
What is the highest common factor of 584 and 30222?
146
What is the greatest common factor of 945193 and 19?
19
Calculate the greatest common factor of 507364 and 5720.
572
Calculate the greatest common divisor of 77013 and 995.
199
What is the greatest common factor of 3784611 and 3879?
1293
Calculate the highest common factor of 88 and 88432.
8
Calculate the highest common divisor of 3248292 and 306.
102
What is the highest common divisor of 16956 and 7506?
54
What is the greatest common factor of 3667888 and 336?
112
Calculate the greatest common factor of 154 and 780857.
77
Calculate the highest common divisor of 110166 and 21.
21
What is the highest common factor of 316433 and 637?
13
What is the highest common factor of 1309565 and 2365?
215
Calculate the greatest common factor of 162509 and 101.
101
Calculate the greatest common factor of 672 and 82264.
56
Calculate the highest common divisor of 10942 and 2.
2
Calculate the greatest common factor of 90188 and 2044.
28
Calculate the greatest common divisor of 31006 and 592.
74
Calculate the highest common factor of 105 and 15295.
35
Calculate the highest common factor of 1456 and 66352.
208
Calculate the highest common factor of 10472 and 1462.
34
What is the greatest common divisor of 352 and 110396?
44
Calculate the greatest common factor of 834 and 504292.
278
What is the greatest common divisor of 1452 and 99594?
66
Calculate the greatest common divisor of 25920 and 256.
64
Calculate the greatest common divisor of 407909 and 123.
41
What is the highest common factor of 178 and 115789?
89
Calculate the highest common divisor of 947331 and 630.
63
Calculate the highest common factor of 165 and 13611840.
165
Calculate the highest common divisor of 480 and 537120.
480
What is the greatest common factor of 175362 and 330?
66
What is the highest common divisor of 378545 and 5?
5
What is the highest common factor of 72808 and 38?
38
Calculate the greatest common factor of 7030 and 259.
37
What is the highest common divisor of 56010 and 30?
30
Calculate the highest common divisor of 1448 and 128.
8
Calculate the greatest common divisor of 850 and 6511.
17
Calculate the highest common factor of 551928 and 4176.
696
Calculate the greatest common factor of 1496 and 1826.
22
Calculate the greatest common factor of 1548 and 430.
86
Calculate the highest common factor of 176 and 2404.
4
What is the highest common factor of 27904 and 2943?
109
Calculate the highest common factor of 1122 and 890670.
66
What is the greatest common factor of 9984 and 10023?
39
Calculate the greatest common factor of 507 and 147.
3
Calculate the greatest common divisor of 28321 and 127.
127
What is the highest common factor of 1491 and 126309?
213
Calculate the greatest common factor of 8136007 and 11.
11
What is the highest common divisor of 71912 and 3204?
356
Calculate the highest common divisor of 6360 and 46428.
636
Calculate the highest common divisor of 26386 and 158.
158
Calculate the greatest common factor of 68337 and 5913.
27
Calculate the greatest common factor of 59 and 174817.
59
What is the greatest common divisor of 3689 and 31297?
119
Calculate the highest common factor of 450 and 34671150.
450
What is the highest common fac